 factor of 66752 and 1639.
149
Calculate the greatest common factor of 24256 and 10233.
379
Calculate the greatest common divisor of 3040596 and 267.
267
Calculate the highest common divisor of 606 and 12928.
202
What is the greatest common factor of 2183 and 2257?
37
What is the greatest common factor of 10 and 166235?
5
Calculate the highest common factor of 38475 and 1615.
95
What is the highest common divisor of 114774 and 132?
66
What is the highest common factor of 28 and 8746486?
14
What is the greatest common divisor of 1045 and 852775?
55
What is the highest common factor of 11957 and 198?
11
Calculate the highest common divisor of 1124 and 221147.
281
What is the greatest common divisor of 210 and 449736?
42
What is the greatest common factor of 136 and 312001?
17
What is the highest common divisor of 23028 and 1368?
228
Calculate the highest common factor of 3257615 and 535.
535
What is the highest common divisor of 1 and 73?
1
What is the highest common factor of 140715 and 295?
295
Calculate the greatest common divisor of 242 and 4169.
11
What is the greatest common factor of 190422 and 142?
142
What is the highest common divisor of 121569 and 15713?
827
What is the highest common factor of 1290978 and 1170?
234
Calculate the greatest common factor of 18034 and 14224.
254
Calculate the greatest common divisor of 176810 and 10.
10
What is the greatest common divisor of 1076 and 4821556?
1076
Calculate the greatest common factor of 169295 and 392.
49
What is the highest common divisor of 240 and 112740?
60
What is the highest common divisor of 160730 and 20?
10
What is the greatest common factor of 2128 and 420?
28
Calculate the greatest common divisor of 21 and 1084.
1
What is the greatest common factor of 10 and 91246?
2
Calculate the highest common divisor of 176 and 795464.
8
Calculate the greatest common factor of 1226 and 29.
1
What is the highest common divisor of 150430 and 5390?
490
Calculate the greatest common factor of 870 and 1910.
10
What is the greatest common factor of 27478 and 88?
22
Calculate the greatest common factor of 50 and 2001275.
25
What is the highest common divisor of 3992 and 8?
8
What is the greatest common divisor of 33977 and 84107?
557
What is the greatest common divisor of 306765 and 612?
153
What is the greatest common divisor of 11219 and 65588?
863
What is the greatest common factor of 218096 and 774?
86
What is the greatest common divisor of 11 and 166991?
11
Calculate the highest common factor of 264965 and 12805.
985
Calculate the highest common divisor of 78 and 575601.
39
What is the greatest common factor of 637 and 481?
13
Calculate the highest common divisor of 110 and 410.
10
Calculate the highest common factor of 558859 and 87.
29
What is the greatest common divisor of 32541 and 192?
3
What is the highest common factor of 14 and 3295166?
14
Calculate the highest common factor of 3806308 and 1256.
628
Calculate the highest common factor of 932 and 111374.
466
Calculate the highest common factor of 245537 and 152.
19
Calculate the highest common factor of 87 and 4540327.
29
What is the greatest common factor of 360 and 351216?
72
What is the highest common factor of 63549 and 414?
207
Calculate the highest common factor of 36 and 368924.
4
Calculate the greatest common divisor of 319114 and 62.
62
What is the greatest common divisor of 488 and 149816?
488
Calculate the highest common factor of 117689 and 572.
143
What is the highest common divisor of 74329 and 311?
311
Calculate the highest common factor of 1176 and 223734.
294
Calculate the highest common divisor of 208 and 416000.
208
Calculate the highest common factor of 1389638 and 788.
394
Calculate the highest common factor of 706367 and 7548.
629
What is the highest common factor of 8100 and 6642?
162
What is the greatest common divisor of 432 and 696?
24
What is the highest common divisor of 195 and 41725?
5
What is the greatest common factor of 702 and 5454?
54
Calculate the highest common divisor of 23 and 73163.
23
Calculate the highest common factor of 92 and 592227.
23
What is the highest common factor of 39101 and 183?
61
Calculate the greatest common factor of 13211 and 253.
11
What is the greatest common factor of 2373 and 63?
21
Calculate the greatest common factor of 9251 and 407.
11
What is the greatest common factor of 949 and 27375?
73
What is the greatest common factor of 480740 and 40?
20
What is the greatest common factor of 678090 and 7?
7
Calculate the highest common divisor of 38763 and 6.
3
What is the greatest common divisor of 702 and 3348?
54
What is the highest common factor of 2760 and 376395?
345
Calculate the greatest common divisor of 15650 and 120.
10
Calculate the highest common divisor of 110 and 1764565.
55
What is the greatest common divisor of 259 and 3631957?
259
Calculate the greatest common divisor of 1426 and 17825.
713
What is the greatest common divisor of 567 and 957663?
567
Calculate the highest common factor of 2261 and 19057.
323
Calculate the highest common divisor of 96119 and 1108.
277
Calculate the highest common divisor of 1998 and 36072.
54
What is the highest common divisor of 5125190 and 10550?
2110
Calculate the greatest common divisor of 1818 and 9898.
202
What is the greatest common factor of 67776 and 48?
48
Calculate the greatest common factor of 95336 and 16.
8
What is the greatest common divisor of 203705 and 9019?
311
What is the highest common divisor of 195 and 111514?
13
What is the highest common factor of 45 and 16355?
5
Calculate the highest common factor of 3 and 129936.
3
Calculate the highest common divisor of 1972 and 12104.
68
Calculate the greatest common divisor of 2210 and 63274.
34
Calculate the greatest common factor of 311240 and 680.
40
Calculate the greatest common divisor of 473 and 39517.
43
Calculate the highest common divisor of 2299980 and 48.
12
What is the greatest common factor of 294 and 2502?
6
What is the highest common factor of 275 and 1233331?
11
Calculate the highest common factor of 93142 and 42.
14
Calculate the highest common divisor of 1344 and 2630096.
112
Calculate the highest common divisor of 426228 and 396.
132
What is the greatest common divisor of 791 and 469?
7
Calculate the highest common divisor of 2310 and 1848.
462
Calculate the highest common factor of 41 and 26101.
1
What is the greatest common divisor of 249 and 80925?
249
Calculate the highest common factor of 4580884 and 22.
22
What is the greatest common divisor of 65 and 481?
13
What is the greatest common divisor of 175 and 6209?
7
Calculate the greatest common divisor of 11975 and 2925.
25
What is the greatest common factor of 154 and 457226?
154
What is the highest common divisor of 16402 and 41700?
278
Calculate the highest common factor of 3965 and 472445.
305
What is the highest common factor of 69616 and 229?
229
Calculate the greatest common divisor of 114354 and 18.
18
What is the highest common divisor of 664 and 1042?
2
What is the greatest common factor of 18 and 831?
3
What is the highest common factor of 18879 and 139461?
609
Calculate the greatest common factor of 395 and 126479.
79
Calculate the highest common factor of 4320 and 10125.
135
What is the highest common factor of 3764 and 4?
4
What is the greatest common factor of 48516 and 364?
52
Calculate the highest common divisor of 40662 and 5778.
54
Calculate the highest common factor of 936 and 3419.
13
Calculate the highest common divisor of 2040 and 461346.
102
Calculate the greatest common factor of 54691 and 689.
13
What is the greatest common divisor of 2366 and 42250?
338
What is the highest common divisor of 10925 and 1265?
115
What is the greatest common divisor of 1692 and 38352?
564
What is the greatest common divisor of 1866186 and 42?
42
Calculate the highest common divisor of 2856 and 8232.
168
Calculate the greatest common factor of 784 and 19649.
49
What is the highest common factor of 474 and 37130?
158
Calculate the highest common factor of 7 and 2135819.
7
What is the greatest common divisor of 3886 and 33098?
134
Calculate the greatest common factor of 5603 and 65.
13
Calculate the highest common divisor of 37 and 249.
1
Calculate the greatest common divisor of 28910 and